the units digit of w/(-44) - (-2)/11?
1
Let w(c) = c**2 + 5*c + 5. What is the units digit of w(-4)?
1
Let g be 1*(-1 + 5 + -2). What is the units digit of -1 + g - -1*40?
1
Let v be -1 + (-43)/(-3)*3. What is the tens digit of v/4 - (-3)/(-6)?
1
Let x(z) = z. Let t be x(4). Let k = t - 0. What is the units digit of k?
4
Let v be ((-24)/(-7))/((-4)/(-28)). What is the units digit of v*((-24)/(-9) + -2)?
6
Let u(l) = 2*l**2 + 2*l + 2. What is the units digit of u(-4)?
6
Suppose 6 - 15 = 3*w. Let f(u) = -11*u**2 - 3*u + 8. Let s(d) = 4*d**2 + d - 3. Let t(m) = -3*f(m) - 8*s(m). What is the units digit of t(w)?
6
Let z(x) = 6*x - 29. What is the units digit of z(20)?
1
Suppose -5*b + 3*c + 181 = -109, -5*c = 4*b - 195. What is the tens digit of b?
5
Let z(c) = c**3 - 15*c**2 + 7. Let u be z(15). Suppose -2*l + 4*l = -12. Let t = u + l. What is the units digit of t?
1
Let d(r) be the third derivative of -r**6/120 + r**5/30 - r**4/24 + 2*r**3 + 8*r**2. What is the units digit of d(0)?
2
Let a(l) = l**2 - 8*l - 16. What is the tens digit of a(13)?
4
Let w(u) = -26*u. Let r be w(-2). Suppose m = -4*f + 52, -4*f + 0*f + 3*m = -r. Suppose -f = -2*a - b, 2*a - 17 = 4*b - b. What is the units digit of a?
7
Suppose -4*r = 3*w - 41, -r + 0*r + 3*w + 29 = 0. Suppose 3*x - 35 = -2*b, 4*x + r = 4*b - 2*b. Let t = -9 + b. What is the units digit of t?
4
Suppose -3*n - 3 = -3*j + 3, 0 = -2*j - 3*n - 1. Suppose 2*f + 9 = 3*r, 2*f - 4*r + j = -3. Let s = -8 - f. What is the units digit of s?
4
What is the tens digit of (2 + -124 - 2)/(-2)?
6
Suppose -4 = 3*n + 5*z + 9, 2*z = -n - 6. Suppose -3*u + y + 92 = 35, n*u + y = 69. Suppose 0*a - a + u = 0. What is the units digit of a?
8
Let q be 1 - 1 - (43 + -14). Let l = 31 + q. What is the units digit of l?
2
Suppose l + 3*l - 24 = 0. Let r(s) = -l*s + 14 + 4*s**2 - 5*s - 3*s**2. What is the units digit of r(10)?
4
Suppose -3*f + 4 = 5*w, -4*w + 5*f = w - 20. Suppose 2*q + 2*q = -4*c + 28, w*q + c - 11 = 0. Suppose -4 = -q*x + 36. What is the tens digit of x?
1
Let t(l) be the third derivative of l**4/24 + 2*l**3/3 + l**2. Let m be t(-3). Suppose 3*r + m = 13. What is the units digit of r?
4
Suppose 6 = h + 2*h. Suppose h*i + 1 = 3*i. What is the units digit of i?
1
Let u = 42 + -29. Suppose 5*y = u - 3. Suppose 19 = -y*i + 4*i + 5*r, -2*i = 2*r - 16. What is the units digit of i?
7
Let x = -91 - -156. What is the units digit of x?
5
Let t(v) = -2*v - 12. Let o be t(-7). Suppose 4*j + 4*g - 112 = -0*g, 0 = -o*j + 4*g + 74. What is the units digit of j?
1
Let f = 4 + 11. What is the tens digit of f?
1
What is the units digit of (-282)/(-7) + 10/(-35)?
0
Let l be (-2)/(-4) + (-98)/(-28). Suppose 3*m - 2*g - 3 = 0, -3*m + l*g + 1 - 4 = 0. What is the units digit of m?
3
Let v = 70 - -7. What is the units digit of v?
7
Suppose 2*m = -4*s - 8, -s - 5*m - 8 - 3 = 0. Let j be 2 + s - 6/(-3). Suppose q = 3*v - 7, -v - 2*v - 3 = -j*q. What is the units digit of q?
5
Let v(n) = 38*n - 8. What is the units digit of v(2)?
8
Let y = -248 - -484. What is the tens digit of y?
3
Let p = 207 + -88. What is the tens digit of p?
1
Suppose 0 = 4*h + v - 0*v - 488, 4*h - 496 = v. What is the units digit of h?
3
Suppose 0 = -6*k + 7*k. What is the units digit of (-9)/(k - (2 + -1))?
9
Suppose 0 = 5*t + 2*t - 497. What is the tens digit of t?
7
Let x = -125 - -182. What is the tens digit of x?
5
Let o be (-47)/(-2) + 1/(-2). Suppose -p + 0*b - 4*b = 17, o = -3*p + 2*b. Let k = 17 + p. What is the units digit of k?
8
Let g(f) = f**3 - 21*f**2 - 17*f + 33. What is the units digit of g(22)?
3
Let r = 7 - 6. Let p(n) = 0*n + n**2 - 4*n - r + 3*n. What is the units digit of p(2)?
1
Let k(c) = -7*c + 1. Let q(d) = -15*d + 3. Let w(x) = -5*k(x) + 2*q(x). What is the units digit of w(5)?
6
Suppose 2*w + 0*w = l + 7, 5*l - 5 = 2*w. Suppose 2*f = f + w, 2*m = -5*f + 55. Suppose b = -x, 2*x + 4*b - 5 = -m. What is the units digit of x?
5
Let o = 14 + -13. What is the units digit of o?
1
Let f = 59 + 11. What is the units digit of f?
0
Let q(l) = -l + 1. Let j be q(4). Let o(w) = 4*w**2 + 2*w - 2. What is the units digit of o(j)?
8
What is the units digit of 2 + 1 + (-10 - -28)?
1
Let k(w) = -w**3 - 7*w**2 - 7*w - 3. Let t be k(-6). Let q be -1 + 3*(0 - -2). Suppose q*g + 4 = -3*i, -3*i - 1 = -t*g - 13. What is the units digit of i?
2
Suppose -2*n + 3 = 51. What is the units digit of (-2)/((-69)/n - 3)?
6
Let s(i) be the first derivative of i**4/4 + i**3 - 5*i**2/2 + 5*i - 7. What is the tens digit of s(3)?
4
Suppose 0 = 2*a - 3*a - 10. Suppose 10 = -2*q - 2*f, f + 0 = 1. Let c = q - a. What is the units digit of c?
4
Suppose 26 = w - 34. Suppose 6*d = d + w. What is the tens digit of d?
1
Suppose -y + 4*y = 4*i - 8, 3*i = 15. Let d = y + 19. What is the units digit of d?
3
Let d = 7 + -4. Suppose -d = 4*f - 47. Suppose 3*g - f = 22. What is the units digit of g?
1
Let o(u) = u**2 + 4. What is the units digit of o(-6)?
0
Suppose 0 = -3*d + h - 15 + 59, -4*d + 60 = -2*h. What is the tens digit of d?
1
Let z(r) be the first derivative of r**4/2 - r**3 + 3*r**2/2 - 3*r - 1. Suppose -4*g + g + 6 = 0. What is the units digit of z(g)?
7
Let o = -10 - -12. What is the units digit of 0 - o - (-168)/7?
2
Let w(r) = -21*r - 6. Let j be w(-6). Suppose -j = -3*x - 0*x. Suppose 4*y - x = -12. What is the units digit of y?
7
What is the tens digit of 12/(-66) + (-662)/(-11)?
6
Let z(x) = x**3 + 10*x**2 - 10*x + 13. Let o be z(-11). What is the units digit of o/(-6) - (-117)/27?
4
Let d = -3 - -20. What is the units digit of d?
7
Let a(d) = -d**2 + 4*d + 2. Suppose -21 + 1 = -4*o. Let l be a(o). What is the units digit of 3 + l*(-1)/3?
4
Let b = 77 + -34. What is the tens digit of b?
4
Let k = 2 + 1. Let q be k + 2*(-2)/4. Suppose l + 6 = a, -q*a + 18 = -3*a - 5*l. What is the units digit of a?
2
Let c = 1 + 7. What is the units digit of ((-6)/(-2))/(3/c)?
8
Let f(d) = -10 + 8 - 9*d + 3. What is the units digit of f(-4)?
7
Suppose 5*l = -c + 10, -l - c = -4*c + 14. Suppose 14 + 4 = 3*p. Suppose p = o - l. What is the units digit of o?
7
Let n(j) = -10*j**2. Let a be n(1). What is the units digit of 2/(-4)*200/a?
0
Let v(j) = j**3 - 2*j**2 + j - 2. Suppose -2*y = -5*o - 0*y + 18, -o - 3*y = 10. Let z be v(o). What is the units digit of 13 + -2 + 0 + z?
1
Let z be (-5)/(-20) + (-39)/(-4). Suppose 0 = 5*t - z - 5. What is the units digit of t?
3
What is the tens digit of 13/(-4 - (-27)/6)?
2
Let k = -13 + 17. Suppose 0 = -k*r - r + 75. What is the units digit of r?
5
Let r be (2/(-4))/(1/(-20)). Suppose 0 = 4*t - 2*d - 30, -5*d - 1 = 2*t - r. What is the units digit of t?
7
Let y = 17 - 12. Suppose -4*z = -y*z - 1. Let s = z + 5. What is the units digit of s?
4
What is the tens digit of (1 + 1)/(-10) + 444/20?
2
Let a(q) be the third derivative of -q**6/120 + q**5/15 - q**3/6 + 2*q**2. Let x be a(4). Let k = x - -5. What is the units digit of k?
4
Let b = 40 - 235. What is the units digit of (6/(-10))/(3/b)?
9
Let d = -254 - -637. What is the tens digit of d?
8
Suppose -2*d + 414 = 4*v, -3*v + 38 = -4*d - 289. Suppose 0 = -6*u + u + v. What is the units digit of u?
1
Suppose -2*u + 1 = -4*u + 3*c, -15 = -5*c. Suppose 7*m - 2*q = 2*m + 17, -4*q = -u*m + 16. Suppose 2*v - m*v + 7 = 0. What is the units digit of v?
7
Let o(z) = -z**2 - 9*z + 7. What is the tens digit of o(-8)?
1
Let m(q) = -q**2 - 6*q + 5. Let s be m(-6). Suppose -z + s = -2*z - 5*v, 0 = -v - 3. What is the units digit of z?
0
Let a = -22 - -27. What is the units digit of a?
5
Let i(c) = c**2 - c - 2. Let l be i(2). Suppose 2*f - 3*h = 14, 4*f - 4*h + 0*h - 28 = l. What is the units digit of f?
7
Let f(j) = 2*j**2 + 2*j. Let w be (2/4)/(2/(-8)). What is the units digit of f(w)?
4
Let n(t) = -t**3 + 12*t**2 + 18*t - 18. What is the units digit of n(13)?
7
Suppose 0 = 3*s - 5*l - 24 - 6, 0 = -2*s + 4*l + 22. Suppose -2*n - 2 = s*k - 1, n + 2 = -3*k. What is the units digit of n?
7
Let h = 48 + -2. What is the units digit of h?
6
Suppose -5*x + 2*u + 120 = -2*u, 4*x = u + 107. What is the tens digit of x?
2
Let l(i) = -i**2 + 8*i + 6. What is the tens digit of l(5)?
2
Let h(g) = 3*g**2 - 4*g + 2. Let d be h(3). Suppose -5*f - 20 = b, -5*b + 3*f + 23 = -d. What is the units digit of b?
5
Let a be 3 + (-1